2*g - 3. Let n(c) = 3*c + 5. Let f(p) = 5*m(p) + 3*n(p). Is f(-7) composite?
False
Let r(c) = -17*c + 1 - 16*c - 7*c. Is r(-5) a composite number?
True
Suppose -2*l + t = 5*t - 402, 2*l = 4*t + 442. Is l composite?
False
Suppose 3*y = m, y - 4*m = 2*y - 13. Let h be (1 - 6) + 0 + y. Is 8 - (h - -2)/(-1) prime?
False
Suppose 2*c + 2325 + 1149 = 0. Is c/(-6) - 3/6 prime?
False
Suppose -i + 4 = -3*i. Let u be i/6 + (-2)/(-6). Suppose u*f - 5*w - 188 = -4*f, 188 = 4*f + 2*w. Is f composite?
False
Is (5 - 3)*(1 - 0) - -1971 a composite number?
False
Let c = -341 + 189. Let x = c + 273. Is x composite?
True
Suppose 4*r - 6 = 6. Let g = r + 52. Is g composite?
True
Suppose -5*c = -0*o - 4*o - 12, -4*o - 4*c + 24 = 0. Let t = 2 - o. Suppose t = -5*m + 70 + 40. Is m composite?
True
Let n(j) = j**3 + j**2 - 5*j - 2. Is n(5) prime?
False
Let w(g) = -g**3 - 5*g**2 + 8*g - 4. Let l be w(-7). Suppose -4*t + 174 = l. Is t composite?
True
Suppose 0 = -5*z + 53 - 13. Let v be -7*(-1 + (1 - z)). Let w = v - 37. Is w composite?
False
Let m = -187 + 1256. Is m prime?
True
Let q = 14 + -17. Is 1/(q/(-636)) - 1 composite?
False
Let t = 15 + -21. Let z be (-48)/(-9) - t/9. Suppose 3*f = 0, z = x - 0*x - 3*f. Is x prime?
False
Is (11/22)/(3 - (-17530)/(-5844)) a composite number?
True
Let g(h) = h**2 - 1 + h**2 - 3*h**3 + 2*h**3 - h**2. Suppose -3 - 17 = 4*o, 0 = -m - 4*o - 23. Is g(m) composite?
True
Suppose 104*s + 586 = 106*s. Is s prime?
True
Is ((-1)/4)/(12/(-3984)) a prime number?
True
Suppose -1412 = -n + 123. Is n composite?
True
Let s be (3 - (-15)/(-6))*18. Let h(d) = 6 - 8*d**2 + 2 + 0*d**3 - 4*d + d**3. Is h(s) prime?
True
Suppose 6*p - p = 2*q + 366, 4 = 2*q. Let k = p - 7. Is k a prime number?
True
Is (-155439)/(-54) - (-1)/2 a composite number?
False
Let n = -5 - -4. Suppose 53 = -3*j + 20. Let y = n - j. Is y composite?
True
Let y be (-32)/(-10)*(-220)/(-8). Suppose 3*h - y = 782. Suppose -4*a = 2*c - h, 5*c - 3*a - 725 = -8*a. Is c prime?
False
Suppose 3903 + 1521 = -4*v. Is v/(-8) - 4/8 prime?
False
Let s(c) = c**2 + 10*c + 14. Let y be s(-11). Suppose 0 = 2*o - 283 + y. Is o a composite number?
True
Let q(c) = -53*c**2 - 3*c. Let a(m) = -106*m**2 - 6*m + 1. Let r(u) = 4*a(u) - 7*q(u). Let l be r(4). Let y = -609 - l. Is y prime?
False
Suppose 4*n + j + 65 - 449 = 0, 3*j = -n + 107. Suppose -4*h + 65 = -n. Is (-12)/(-8)*h/6 a composite number?
True
Suppose 4*b = 3*b + 86. Let t = b - 49. Is t composite?
False
Let n(k) = 2*k - 6. Suppose 2*o + 1 - 9 = 0. Let s be n(o). Let y(p) = 2*p + 2. Is y(s) prime?
False
Let d(i) = 6*i**2. Let r be d(1). Suppose -6 = -5*z - 3*s, 3*z - 9 = 2*s + r. Is 0 + 49 + 6/z composite?
True
Let x be 2*(3 - (-33)/2). Suppose -3*r + 6*r = h + x, -3*h + 52 = 4*r. Is r prime?
True
Suppose -5*o - 3 = -6*o. Is (225 - (4 - o)) + -1 prime?
True
Let s = 172 + 159. Is s composite?
False
Suppose q = -0*q. Suppose t + 5 - 38 = q. Is t composite?
True
Let p(c) = c**3 - c**2 - 3*c + 4. Let j be p(3). Suppose -2*t + j = -17. Is t prime?
False
Let o(u) = -u**3 + 4*u**2 + 5*u + 5. Let q be -3 + 1*(0 - 1). Is o(q) a prime number?
True
Let z(y) = -15*y + 5. Let i be z(7). Let f = -69 - i. Is f a prime number?
True
Let p = -13 + 9. Let f(y) = 5*y**2 - 1. Is f(p) composite?
False
Let b = 25 + 4. Let s = 130 - b. Suppose 5*u + 4*l - s = 8*l, 3*l = u - 18. Is u a composite number?
True
Let n(u) = -2 + 34*u + 3 + 46*u - 2. Suppose -22 + 8 = -2*m + 4*i, 0 = 5*m - 3*i - 14. Is n(m) a prime number?
True
Suppose 0 = 3*l + 6 + 9, -g = -3*l - 100. Is g prime?
False
Let n = -6 - -11. Suppose g - n*h - 23 = -0*g, -5*h - 46 = -2*g. Is g a prime number?
True
Let u be 24/9 - (-6)/(-9). Suppose x + t + 26 = 149, -359 = -3*x + u*t. Is x prime?
False
Suppose 3*g - 2*x + 9 = x, -5*g = -x + 7. Is (2/(-4))/(g/154) prime?
False
Let d = 55 + -9. Let z = d + -23. Suppose z = 2*r - 15. Is r a composite number?
False
Let g(x) = x**2 - 6*x. Let n be g(6). Suppose -2*y + 5*y = n. Suppose 5*m + 2*l + 55 - 246 = 0, m + 5*l - 29 = y. Is m composite?
True
Is 974 + 2/(-2) + 0 a prime number?
False
Suppose -7 - 4 = -3*i + q, 5*i = -q + 29. Suppose 719 - 64 = i*s. Is s composite?
False
Let n = -4 - -6. Let j(t) = 3*t**3 - t**2 + 2*t + 1. Is j(n) a prime number?
False
Let c(i) be the third derivative of i**7/1260 + i**6/360 - i**5/60 - i**4/12 + 2*i**2. Let a(r) be the second derivative of c(r). Is a(2) prime?
False
Suppose 103 + 99 = 2*h. Let y(u) = -51*u - 3. Let t be y(-3). Let q = t - h. Is q a prime number?
False
Suppose -2*u = -2*f + 762, -5*f + 925 = u - 956. Is f prime?
False
Suppose 2*x - 7*x + 15 = 0. Is x/(-9)*(-484 + 1) prime?
False
Let a(h) = h**2 - 7*h - 7. Let w be a(9). Let k = 124 - w. Is k a composite number?
False
Let k(l) = 3*l**2 - l + 9. Is k(7) composite?
False
Let g(d) = 2*d + 113. Is g(0) a prime number?
True
Let w = -211 - -351. Suppose -5*j + 0*j = -w. Suppose -4*y - 6 = -4*x + 26, -x + 5*y + j = 0. Is x a prime number?
True
Let k = 8 - 3. Suppose -177 = -3*z + 3*w, -295 = -k*z + 2*w - w. Is z prime?
True
Let g = -7 - -3. Let k = g + 7. Is k prime?
True
Let w(k) = 2*k**2 - 9*k + 2. Let t(c) = -2*c**2 + 8*c - 1. Let u be (-16)/6*24/16. Let l(i) = u*t(i) - 3*w(i). Is l(4) prime?
False
Let j be (-1 - 1) + 2/2. Let b be ((-8)/20)/(j/(-200)). Is 2/(-6) - b/6 a prime number?
True
Let h = 4 - 10. Let o(i) = -12*i + 5. Is o(h) prime?
False
Suppose 426 - 9 = x. Suppose -x = 3*h - 1530. Is h a prime number?
False
Suppose 0 = 2*r - 3*j - 132, 2*r - r - 52 = 5*j. Suppose 2*q = q - 5*a + 10, 5*a = q. Suppose 0 = q*s - 467 + r. Is s prime?
True
Suppose -1359 + 7114 = n. Is n prime?
False
Let n be (11*(2 + 0))/1. Let k be ((-12)/15)/(4/(-10)). Suppose 0*j + k*j = n. Is j a composite number?
False
Let t = -21 + 0. Is (-488)/(-3) + (-7)/t a composite number?
False
Suppose 3*u = 4*u - n - 3, 0 = 3*u + 3*n - 15. Suppose 0 = 3*l - 3*v - 2*v - 464, v = u*l - 647. Is l composite?
False
Let s(z) = -z + 38. Let p(o) = 0*o - 3*o + 2*o. Let g be p(0). Is s(g) prime?
False
Let w be 564/6*(-1)/(-2). Let c = w - 16. Is c prime?
True
Suppose -r - 1 = -3. Suppose r*b - 51 = 31. Suppose -c = -5*u - b, -5*c + 3*c = -4*u - 58. Is c prime?
False
Let b = 10 + -6. Suppose 2 = -2*f, 98 - 42 = b*t + 4*f. Suppose -2*l + 2*w + 16 = -68, t = -3*w. Is l a composite number?
False
Let k = -347 - -790. Is k composite?
False
Let a(t) = 17*t**3 + 5*t**2 + 7*t - 17. Let n(y) = -25*y**3 - 7*y**2 - 10*y + 25. Let u(d) = -7*a(d) - 5*n(d). Is u(3) prime?
False
Suppose m = -2*w - 2*m + 1922, 3*m = -w + 955. Is w composite?
False
Suppose 1486 = 2*s + 180. Is s prime?
True
Let u = 9 - 15. Let j be -54*1*3/u. Let l = -17 + j. Is l a composite number?
True
Let y be ((-3)/4)/(18/(-48)). Suppose -2*i - y*p + 125 = -19, 0 = -3*i - 5*p + 222. Is i prime?
False
Let k be (-142)/4 + (-3)/2. Let s = k - -83. Is s composite?
True
Is -2 - -2 - (-4295)/(-15)*-3 a composite number?
False
Suppose -p = 2*r - 310 - 450, -3*p + 1522 = 4*r. Is r composite?
False
Let f be (-2)/6 - (-2)/(-3). Suppose 2*h - 32 = 4*o, -2*o - o - 30 = -2*h. Is ((-9)/h + f)*-28 a prime number?
False
Let x(u) = -3*u**3 - 3*u**2 + 3. Let y be x(-8). Is (10/(-5))/((-6)/y) a composite number?
False
Suppose 8 = -3*i - 2*r, -5*r - 31 = 5*i - 11. Suppose -s - 4*s + 10 = 0. Is s - i/(-2) - -2 prime?
False
Let i(r) = -16*r - 2. Let z be i(-4). Let x(t) = -t + 3. Let j be x(10). Let a = z + j. Is a composite?
True
Suppose 5*w - 3155 = s - 5*s, 2*s = 2*w - 1262. Is w a composite number?
False
Suppose 0 = -4*l - 2*f + 2002, -4*f + 5*f + 502 = l. Is l prime?
False
Let x be (-1)/((3*-1)/(-6)). Is -2 + 21 + x + 2 composite?
False
Suppose 2*m - 10 = 2*i, 5*i - i = 2*m - 14. Is 492/3 + (m - 4) composite?
False
Let a = 8 - 6. Let v = a + -1. Let o(h) = 15*h - 1. Is o(v) a prime number?
False
Suppose -2*c = 2*n + c - 427, 2*n + c = 421. Is n prime?
False
Let t(g) = -10*g**2 + 3*g + 2. Let f be t(3). Let b = 132 + f. Is b composite?
False
Let i = 603 - -374. Is i composite?
False
Suppose b - 5*a + 22 = 6, -a + 4 = 0. Suppose -6*d - 606 = -b*d. Let t = -154 - d. Is t prime?
True
Let o(l) = -l**2 - 6*l - 3. Let w be o(-2). Suppose k - w*n = 14, n = 2*k + 2*n + 5. Let u(i) = 90*i**2 - i. Is u(k) composite?
True
Let i(j) = 3*j**2 - 9*j + 3. Let s(r) = -7*r**2 + 19*r 